2*z**3 + 2*z**3 - 5 - z**3. Let x be i(-4). What are the prime factors of ((-135)/(-6))/x*-2?
3
What are the prime factors of 4/26 + (-362)/(-13)?
2, 7
Let c = 63 + -40. Suppose -4*h + 20 = 0, -3*h + c = -2*r - 10. What are the prime factors of 3/(r/(-4))*6?
2
Suppose 3*z - 15 = 42. List the prime factors of z.
19
What are the prime factors of 219/12 - 1/4?
2, 3
Suppose 0 = -21*d + 8*d + 1378. List the prime factors of d.
2, 53
Let t(b) = -b**3 - 6*b**2 - b + 4. Let d be t(-6). Suppose -f = -3*f - d. Let r(c) = c**2 + 2*c - 7. List the prime factors of r(f).
2
Let w(u) = -u**2 + 13*u - 4. Let s be w(12). Let c = 18 + s. What are the prime factors of c?
2, 13
Let i be (-1 - -2)*7 + -2. Suppose 5*b = 3*t + 34, -4*b - 4*t = t - i. List the prime factors of b.
5
Let p(i) = i - 11. Let l be p(11). Suppose l*k = 4*b + 4*k - 132, -b - 5*k + 13 = 0. List the prime factors of b.
2, 19
Let r(i) = 43*i**3 + 7*i**2 - 2*i - 11. Let w(p) = -21*p**3 - 4*p**2 + p + 6. Let o(q) = -6*r(q) - 11*w(q). List the prime factors of o(-1).
2, 7
List the prime factors of -3*(-12)/(-9) - (1 - 132).
127
Let v be ((-6)/5)/((-6)/20). Let l = 34 + -10. Suppose -v*b + 0 = -l. What are the prime factors of b?
2, 3
Suppose -f - 2*f = 0. Suppose f*p + 3 = p. What are the prime factors of p?
3
Let c(h) = -6*h + 9. What are the prime factors of c(-6)?
3, 5
Suppose 0 = -6*i + 2*i. Suppose -3*m + 3*j = -i*m - 3, 0 = 3*m + 5*j + 37. Let k = m - -19. What are the prime factors of k?
3, 5
Suppose 63*b = 59*b + 112. What are the prime factors of b?
2, 7
Suppose 2*u - 3*z = -12, -2*u - 3*u - 5*z - 30 = 0. Let n = u - -10. Suppose 20 = 4*i - n. What are the prime factors of i?
2, 3
Let u = -9 - -12. What are the prime factors of (-2)/(2/(-9)*u)?
3
Let t(p) = -p**3 + 4*p**2 + p - 2. Let y be t(2). Suppose -13*o + y*o = -75. List the prime factors of o.
3, 5
Let r(c) = 12*c - 20. List the prime factors of r(8).
2, 19
Let u(r) = 7*r**3 - r**2 + 6*r - 10. Let j(k) = -6*k**3 + 2*k**2 - 6*k + 9. Let v(w) = 6*j(w) + 5*u(w). What are the prime factors of v(5)?
2, 3
Let f(u) = u**2 + 1. What are the prime factors of f(-2)?
5
Suppose -3*r = -4*i + 31, -3*i - 3*r = -5*i + 23. Suppose 0*h + i*u - 24 = 2*h, 87 = -5*h + u. What are the prime factors of (-174)/h + (-2)/3?
3
Suppose 0 = -5*s + 4*g + 131, 0 = -0*g - g - 4. List the prime factors of s.
23
Let w(r) = r**3 - 3*r**2 + 3*r. Let z be w(2). Let h = -1 - -7. Let d = h - z. List the prime factors of d.
2
Let j = 82 - 55. What are the prime factors of j?
3
Suppose 3*j = -4*h + 48 + 89, 0 = -h - j + 34. List the prime factors of h.
5, 7
Let p be 9 + (-6)/((-6)/3). List the prime factors of p - (-6)/(-9)*-3.
2, 7
Let n(g) = 2*g**2 + 6*g - 7. Let r be n(-6). Suppose 3*v - r = -11. List the prime factors of v.
2, 3
Let r(x) = 4*x**3 - x**2. Let z be r(1). Suppose z*o - 4*v - 4 - 2 = 0, -5*o + 45 = 5*v. Let m = o + -4. List the prime factors of m.
2
Let z(t) = t**2 - 2*t + 1. Let m be z(-2). Suppose 2*n - m = -1, -3*n = 3*v - 45. List the prime factors of v.
11
Suppose -4*g = 4*g - 448. List the prime factors of g.
2, 7
Suppose 5*q - 3 = 2. Suppose 15 + q = -4*z. What are the prime factors of 8/10*(-70)/z?
2, 7
List the prime factors of (1441/33)/((-1)/(-3)).
131
Let k = 21 + -13. Let z(s) = s**2 - 6*s - 2. Let t be z(k). Suppose t = -5*b + 69. What are the prime factors of b?
11
List the prime factors of 5968/16 - (1 - -1)*1.
7, 53
Let f(t) = t**3 + t**2. Let x be f(0). Suppose x*w + 3*w - 33 = 0. List the prime factors of w.
11
Let p(a) = -3*a**3 + 4*a + 1. List the prime factors of p(-3).
2, 5, 7
Suppose 2*p - 41 = 31. List the prime factors of p.
2, 3
What are the prime factors of 7/(35/370) + (2 - 1)?
3, 5
Let a(v) = v**2 - 8*v + 8. Let t be a(6). Let n = 8 - t. List the prime factors of n.
2, 3
Let z be (1/1)/(1/5). Suppose -z*h + 32 = 2*w + 6, h = 3*w - 5. List the prime factors of w.
3
What are the prime factors of (2 - -63) + 1*2 - 3?
2
Let y be 4/1 + (-3)/3. Suppose -y*b + 48 = b. Suppose 2*o - 10 = -l - 0*o, -o + b = 4*l. List the prime factors of l.
2
Let p = -5 + 8. Suppose -g + 1 = -p. List the prime factors of g.
2
Let z(w) = w + 2. Suppose -5*d = 0, -6*d + 10 = 5*v - 3*d. Let h be z(v). List the prime factors of 23/h + 3/12.
2, 3
Let j(c) = -2*c - 1. Let p be j(-3). Let v(i) = i - 5. Let u be v(p). Suppose 5*w - z - 38 = u, -2*z - 8 = -2. List the prime factors of w.
7
Suppose 6*n = 9 + 3. Suppose 0 = n*o - o - 2. List the prime factors of o.
2
Suppose -3 - 1 = -2*j. Let s(m) = -m - 4. Let i be s(-7). Suppose -j*l - 51 = -7*l + a, l - i = 2*a. What are the prime factors of l?
11
Let m(q) = -q**2 + 12*q - 9. List the prime factors of m(8).
23
Suppose -4*k = 20, 2*m - 9 = 4*k + 17. Suppose -27 = -5*y + m. List the prime factors of y.
2, 3
Suppose -20 = -3*l + 2*n, -2*l - n - n = 0. Suppose -4*x = -5*z - 106, -4*x + 112 = x + l*z. What are the prime factors of x?
2, 3
Let r be 31/3 + 3/(-9). What are the prime factors of (-3 - -1)*(-65)/r?
13
Let q(z) = 2*z**3 - 3*z**2 + 3*z - 2. What are the prime factors of q(3)?
2, 17
Suppose t + 3 = -5*m + 5, 3*m = -5*t - 12. Let l(a) = -4 + 0*a**2 + 1 - 5*a + a**2. List the prime factors of l(t).
3, 7
Suppose -158 = -4*f + 202. List the prime factors of f.
2, 3, 5
Let p be 6 - 5 - -1*25. Suppose -10 = -4*y + 2. Suppose -a + 4*r = -p, 9*a - 79 = 4*a + y*r. What are the prime factors of a?
2, 7
Suppose -2*w + 15 = 3*w. Suppose -w*p + 40 = -53. List the prime factors of p.
31
Suppose -3 = -3*f, i - 5*i - 3*f = -419. Suppose -4*v = -2*v - i. What are the prime factors of v?
2, 13
Let n be 12/(-10)*(-15)/6. Suppose -n*q + 2 = 8. What are the prime factors of q/(-7) - 225/(-21)?
11
Suppose 4*h + 2*w = 64, w = -2*h - 3*w + 32. What are the prime factors of h?
2
Let b = 4 - 4. Suppose -5*w + 70 = -b*w. List the prime factors of w.
2, 7
Let g(k) = k + 1. Let r(c) = -4*c - 5. Let s(v) = -3*g(v) - r(v). List the prime factors of s(6).
2
What are the prime factors of -6*13/(-2) - (1 - 3)?
41
Let d(z) = -z**3 + 7*z**2 + 9*z - 5. Let x be d(8). Suppose r + 2*f = -x*f + 45, 0 = -3*r - 3*f + 123. Suppose 10*i - 5*i - r = 0. List the prime factors of i.
2
Let x = -1 - -5. Let c = 11 - x. What are the prime factors of c?
7
Let j(n) = 9*n**2 + 7*n - 26. Let g(p) = 5*p**2 + 4*p - 13. Let a(w) = 7*g(w) - 4*j(w). Let y be a(0). Let m = 20 - y. What are the prime factors of m?
7
Suppose g = -2 + 1. Let l = 3 + g. Suppose 5 = l*q - 3*i - 13, -3*i + 12 = 3*q. List the prime factors of q.
2, 3
Let l(o) = -o**2 + 10*o - 10. Let f be l(7). Suppose 2*i - 4*i = -4. Let s = f - i. What are the prime factors of s?
3
Suppose 109 = -3*y + 2*y. Let d = 153 + y. List the prime factors of d.
2, 11
Let c(b) = -4*b - 1. What are the prime factors of c(-5)?
19
Suppose 0 = 2*w - 4, -2*t + 3*w - 161 = -7*t. What are the prime factors of t?
31
Suppose 0 = -2*m + 2*n + 62, -7*n - 60 = -2*m - 6*n. What are the prime factors of m?
29
Let b = 176 - 85. List the prime factors of b.
7, 13
Suppose v = 3*i - 168, 2*v = 4*i - 5 - 219. What are the prime factors of i?
2, 7
Suppose -2*f = 2*b + 2, 5*f = 5*b + 2*f + 21. Let l(h) = -3*h**2 + 3 - 2 + 2*h**2 - 7*h. What are the prime factors of l(b)?
13
List the prime factors of ((-475)/20)/(1/(-4)).
5, 19
Let k(t) = 186*t**2 + 6*t + 5. What are the prime factors of k(-1)?
5, 37
Let j = -24 - -47. Suppose 0*l = -l + j. List the prime factors of l.
23
Let q(x) = -3 - x**2 + 5*x + x + 1. List the prime factors of q(4).
2, 3
Let h(r) = 10*r**2 + r + 1. Suppose -7 = 2*p + 3. Let y = p - -4. What are the prime factors of h(y)?
2, 5
Let l(s) = -7*s + 9. What are the prime factors of l(-4)?
37
Let o(u) = u**2 - 26*u + 70. What are the prime factors of o(32)?
2, 131
Suppose -3*x - 2*p - 7 = 1, -x + 3*p = 21. What are the prime factors of (-1 + -20)*10/x?
5, 7
Suppose 5*h - 10 = -0. What are the prime factors of h?
2
Let n(h) = 6*h**2. Let w(k) be the third derivative of -k**5/60 - k**4/8 - k**3/6 + 2*k**2. Let l be w(-2). List the prime factors of n(l).
2, 3
Suppose 47 = -3*t - 2*o, 0 = -2*o + 3*o + 1. Let x = 1 + -4. Let r = x - t. List the prime factors of r.
2, 3
Let g = -2 + 32. Suppose -g - 50 = -5*f. What are the prime factors of 9/(-2)*f/(-6)?
2, 3
Let c = -134 + 384. List the prime factors of c.
2, 5
Let